-2?
-112422
In base 11, what is 96 + 6?
a1
In base 9, what is 116666 - 12?
116654
In base 3, what is 11121201 + 101?
11122002
In base 15, what is 4 + 8e34?
8e38
In base 14, what is 5 + -1714?
-170d
In base 4, what is 211230 - 3123?
202101
In base 14, what is 1a2812 - -2?
1a2814
In base 14, what is 1189 - -343?
14cc
In base 2, what is 100 + -10011101011001001000?
-10011101011001000100
In base 15, what is 3 - -a11?
a14
In base 6, what is 24 + -122535?
-122511
In base 10, what is 1 - -4950?
4951
In base 7, what is 660051 + 0?
660051
In base 9, what is 1 - 120340?
-120338
In base 4, what is -2100 + 100202?
32102
In base 10, what is -286 - -2745?
2459
In base 6, what is 44205204 - -3?
44205211
In base 16, what is 2a4 + 47?
2eb
In base 15, what is 5 + 545b7?
545bc
In base 2, what is -11111001010011 - -110000?
-11111000100011
In base 9, what is -4 + 108575?
108571
In base 4, what is 2 + -1100221?
-1100213
In base 16, what is -299 - 2a73?
-2d0c
In base 14, what is 2 - -2c14?
2c16
In base 6, what is 11134 + -305?
10425
In base 8, what is -71 + -3576?
-3667
In base 5, what is -2210 + -4204?
-11414
In base 10, what is -79828 - 2?
-79830
In base 12, what is -83 - 254?
-317
In base 7, what is 3 - 22143?
-22140
In base 10, what is -28700 + -3?
-28703
In base 14, what is -d55d - 0?
-d55d
In base 2, what is 0 + -1000110010010011?
-1000110010010011
In base 14, what is 16277 + -2?
16275
In base 14, what is c676 + 5?
c67b
In base 8, what is 5713 - -30?
5743
In base 14, what is d357d + 6?
d3585
In base 5, what is 2301 - 132024?
-124223
In base 12, what is -129 - 5?
-132
In base 7, what is 153115 - -1?
153116
In base 10, what is -26298 - 74?
-26372
In base 7, what is -205123 - 5?
-205131
In base 5, what is -102 - 102?
-204
In base 6, what is -140 + 45?
-51
In base 11, what is 30 - 12109?
-12089
In base 5, what is 2111 - 100232?
-43121
In base 4, what is 120 + -21010122?
-21010002
In base 16, what is -d8e + 2?
-d8c
In base 12, what is 55 - 58a?
-535
In base 7, what is 3266 + 60?
3356
In base 6, what is -1 + 104130?
104125
In base 12, what is 151404 + -1?
151403
In base 10, what is 218 + -3174?
-2956
In base 14, what is 8654 + -21?
8633
In base 14, what is 5 + c5b4?
c5b9
In base 13, what is -cc + 604?
505
In base 11, what is -1a - -1585?
1566
In base 14, what is -8 + 2ad0c?
2ad04
In base 6, what is -4 - -14502310?
14502302
In base 3, what is -1 - -1122201200?
1122201122
In base 7, what is 6051 - 56?
5662
In base 15, what is 387 + -c90?
-908
In base 15, what is -5eb7 + -94?
-605b
In base 4, what is 1323333203 + -3?
1323333200
In base 9, what is 81 - -602?
683
In base 12, what is -113 - -13a94?
13981
In base 6, what is -52122 + 240?
-51442
In base 2, what is 111111011010 - 100101110?
111010101100
In base 5, what is 4301 + 3114?
12420
In base 4, what is -1023100 - 2?
-1023102
In base 7, what is -23315 - 42?
-23360
In base 2, what is -101010001 + 10100?
-100111101
In base 15, what is 1846c - 8?
18464
In base 14, what is -294 + 75?
-21d
In base 7, what is 604 - -6546?
10453
In base 8, what is -14015742 + 2?
-14015740
In base 16, what is -4 - 1c30?
-1c34
In base 16, what is 36c17 - -3?
36c1a
In base 6, what is 10123 + -13240?
-3113
In base 2, what is 11011100001 - 10111011001?
100001000
In base 9, what is 74 - 6?
67
In base 4, what is -2210 + 33130?
30320
In base 13, what is 4 - 9792?
-978b
In base 4, what is -11 - 13023320?
-13023331
In base 14, what is 15a6 + 11?
15b7
In base 13, what is 1517 - 7c?
1468
In base 3, what is 101011 + 222002?
1100020
In base 15, what is 2 + ea9a?
ea9c
In base 10, what is -34 + -5776?
-5810
In base 14, what is 2596c - -5?
25973
In base 12, what is 3 - 13751?
-1374a
In base 9, what is 683325 - 4?
683321
In base 11, what is 5576 - -200?
5776
In base 3, what is -2002200 + 101112?
-1201011
In base 16, what is 5 + 27af?
27b4
In base 11, what is -64 - -84?
20
In base 14, what is 0 - 3023?
-3023
In base 12, what is -130 - 48b?
-5bb
In base 3, what is 1110210100 + 11?
1110210111
In base 12, what is -2 - 15870?
-15872
In base 15, what is -6 - 6d0c?
-6d13
In base 4, what is 223 + 212120?
213003
In base 15, what is -1cea + 0?
-1cea
In base 8, what is 54 + -1116?
-1042
In base 3, what is -1 - -2021110?
2021102
In base 13, what is 0 - -27002b?
27002b
In base 16, what is 7cbd + -5?
7cb8
In base 10, what is 1478 - -70?
1548
In base 4, what is 13123010 - 2?
13123002
In base 13, what is 42 + -a02?
-990
In base 9, what is -727 - 6556?
-7384
In base 8, what is -160 - -12156?
11776
In base 5, what is 30114134 - 3?
30114131
In base 12, what is 298 + -2a9?
-11
In base 3, what is -1 + 22221201?
22221200
In base 13, what is 2b + 383b?
3869
In base 13, what is -8a89a - 4?
-8a8a1
In base 3, what is 11 - -1102022002?
1102022020
In base 13, what is 3343 - -91?
3404
In base 13, what is -3 + 1353?
1350
In base 4, what is -33023031 + 12?
-33023013
In base 3, what is -201000 + -100010220?
-100211220
In base 9, what is 2 - 6411?
-6408
In base 3, what is -210002010 + -1?
-210002011
In base 3, what is 12 - 20220100212?
-20220100200
In base 2, what is 1010 + -1101111100110?
-1101111011100
In base 12, what is 22 + -6618?
-65b6
In base 13, what is -12 + 2841?
282c
In base 15, what is d + -558c3?
-558b5
In base 8, what is 154 + 1117?
1273
In base 16, what is -34 + -fe?
-132
In base 12, what is 28 + -1321?
-12b5
In base 4, what is -221 + 1023101?
1022220
In base 11, what is -530886 - 3?
-530889
In base 11, what is 3702a8 + 0?
3702a8
In base 7, what is 3 + -102125?
-102122
In base 7, what is 3 + -4060?
-4054
In base 14, what is -54 + 1a5?
151
In base 4, what is -1330 + -21003?
-22333
In base 16, what is -ee9b + 6?
-ee95
In base 12, what is 12a2 + 34a?
1630
In base 7, what is 124040 - 5?
124032
In base 7, what is 13415 + -332?
13053
In base 7, what is 60533 - -1?
60534
In base 15, what is 2 - -32cb6?
32cb8
In base 12, what is 33a4 + 20?
3404
In base 11, what is 1 + -25414?
-25413
In base 9, what is -1304 + 171?
-1123
In base 2, what is 11011011 - 11110001010111?
-11101101111100
In base 15, what is -2b - 685?
-6b1
In base 5, what is -103 + 3142224?
3142121
In base 14, what is -601 + -5d?
-660
In base 12, what is 2883 + a?
2891
In base 14, what is -5a + -163a?
-1696
In base 8, what is -7560 - -1743?
-5615
In base 7, what is -260 + -203114?
-203404
In base 14, what is -6 - c4?
-ca
In base 16, what is -4 - 1dcf2?
-1dcf6
In base 15, what is -d1 + 111?
30
In base 15, what is 5 - 88d1?
-88cb
In base 16, what is -d5f + -13?
-d72
In base 6, what is 5 + -103354?
-103345
In base 9, what is -1 - -1168634?
1168633
In base 3, what is -201211122 + 1?
-201211121
In base 16, what is 1db - -2cb?
4a6
In base 16, what is -5 - ab6b?
-ab70
In base 8, what is 5 + -1606503?
-1606476
In base 2, what is -101011 - -110110011110?
110101110011
In base 16, what is 1 + -14840?
-1483f
In base 14, what is -20 - -388?
368
In base 16, what is 0 + 86e6?
86e6
In base 14, what is 1a + -1da?
-1c0
In base 2, what is -11010110010 - 1000011?
-11011110101
In base 4, what is 3 + -13023220?
-13023211
In base 2, what is -1001000101 - 1011110?
-1010100011
In base 8, what is -1446546 - -5?
-1446541
In base 6, what is -244 - -11?
-233
In base 4, what is 13313012 + -2?
13313010
In base 3, what is -11011 - 2212?
-21000
In base 14, what is 7652 - a?
7646
In base 5, what is -21042 + 30230?
4133
In base 15, what is 2 + -16d8a?
-16d88
In base 14, what is 147a - -20a?
1686
In base 11, what is -7a4a93 + -4?
-7a4a97
In base 16, what is 146 + 6252?
6398
In base 5, what is 2 + 340013?
340020
In base 10, what is -1 + 1528?
1527
In base 8, what is 135 - 726?
-571
In base 3, what is -11 + 122110201?
122110120
In base 8, what is -21064 - -57?
-21005
In base 8, what is 761207 - 5?
761202
In base 10, what is 121 + 155?
276
In base 14, what is d - 227d?
-2270
In base 10, what is 78793 - 4?
78789
In base 14, what is 388b + 2?
388d
In base 6, what is 205 + -222?
-13
In base 4, what is 2 - 21010?
-21002
In base 16, what is 317 + -ac?
26b
In base 10, what is 17983 + 9?
17992
In base 13, what is 4 - -49583?
49587
In base 14, what is 1 - -2494c7?
2494c8
In base 15, what is 3e + -cae?
-c70
In base 12, what is 2 - 1702?
-1700
In base 12, what is -10538 - 58?
-10594
In base 12, what is -11 + -1ab0b?
-1ab20
In base 11, what is 441 + a33?
1374
In base 2,